st the prime factors of 682598.
2, 7, 48757
What are the prime factors of 660144?
2, 3, 17, 809
What are the prime factors of 1118477?
103, 10859
What are the prime factors of 164806?
2, 19, 4337
What are the prime factors of 4800277?
79, 60763
What are the prime factors of 1540001?
41, 37561
List the prime factors of 382922.
2, 191461
What are the prime factors of 10921771?
7, 37, 42169
What are the prime factors of 1367108?
2, 341777
List the prime factors of 6281917.
6281917
What are the prime factors of 360576?
2, 3, 313
What are the prime factors of 123992?
2, 11, 1409
List the prime factors of 5934085.
5, 79, 83, 181
What are the prime factors of 24311287?
7, 11, 13, 149, 163
List the prime factors of 17076068.
2, 71, 60127
List the prime factors of 308656.
2, 101, 191
What are the prime factors of 2948022?
2, 3, 7, 11, 709
List the prime factors of 24235935.
3, 5, 97, 16657
List the prime factors of 118057.
118057
List the prime factors of 846581.
73, 11597
What are the prime factors of 957489?
3, 13, 24551
What are the prime factors of 2229531?
3, 743177
What are the prime factors of 366223?
11, 13, 197
What are the prime factors of 579432?
2, 3, 7, 3449
List the prime factors of 909431.
83, 10957
What are the prime factors of 406587?
3, 313, 433
What are the prime factors of 2278543?
2278543
List the prime factors of 95577.
3, 31859
List the prime factors of 1657396.
2, 13, 31873
List the prime factors of 145595.
5, 37, 787
What are the prime factors of 1137287?
461, 2467
What are the prime factors of 818946?
2, 3, 45497
What are the prime factors of 129061?
129061
List the prime factors of 1329428.
2, 163, 2039
List the prime factors of 271348.
2, 7, 11, 881
What are the prime factors of 1784203?
1784203
What are the prime factors of 2951966?
2, 199, 7417
List the prime factors of 1217713.
7, 73, 2383
List the prime factors of 1217560.
2, 5, 61, 499
What are the prime factors of 11008342?
2, 29, 189799
List the prime factors of 458182.
2, 193, 1187
What are the prime factors of 449247?
3, 149749
List the prime factors of 24099121.
31, 777391
List the prime factors of 250649.
7, 61, 587
What are the prime factors of 22832482?
2, 491, 23251
What are the prime factors of 3792955?
5, 17, 44623
What are the prime factors of 896920?
2, 5, 17, 1319
What are the prime factors of 5100304?
2, 11, 28979
What are the prime factors of 721217?
7, 197, 523
List the prime factors of 1262041.
11, 31, 3701
What are the prime factors of 43338?
2, 3, 31, 233
What are the prime factors of 95530?
2, 5, 41, 233
List the prime factors of 987278.
2, 19, 25981
List the prime factors of 362570.
2, 5, 13, 2789
What are the prime factors of 1732429?
23, 75323
What are the prime factors of 109509?
3, 173, 211
What are the prime factors of 487674?
2, 3, 11, 821
What are the prime factors of 216658?
2, 13, 641
List the prime factors of 98999.
98999
List the prime factors of 2833625.
5, 22669
What are the prime factors of 195213?
3, 65071
What are the prime factors of 43152206?
2, 2801, 7703
List the prime factors of 399793.
399793
What are the prime factors of 2982332?
2, 59, 12637
What are the prime factors of 3089868?
2, 3, 257489
List the prime factors of 1290192.
2, 3, 26879
What are the prime factors of 1199283?
3, 399761
What are the prime factors of 1066545?
3, 5, 137, 173
List the prime factors of 2335647.
3, 17, 41, 1117
What are the prime factors of 236201?
7, 41, 823
What are the prime factors of 14677842?
2, 3, 19, 199, 647
What are the prime factors of 10446829?
10446829
List the prime factors of 109110.
2, 3, 5, 3637
What are the prime factors of 153699?
3, 7, 13, 563
List the prime factors of 1482794.
2, 263, 2819
What are the prime factors of 100768?
2, 47, 67
List the prime factors of 2081821.
7, 297403
List the prime factors of 199342.
2, 11, 13, 17, 41
What are the prime factors of 466153?
466153
List the prime factors of 405949.
405949
List the prime factors of 2458519.
7, 351217
What are the prime factors of 1320363?
3, 11, 13337
What are the prime factors of 267727?
267727
What are the prime factors of 488846?
2, 244423
What are the prime factors of 3336479?
29, 103, 1117
List the prime factors of 567628.
2, 141907
What are the prime factors of 15264960?
2, 3, 5, 15901
List the prime factors of 15785913.
3, 11, 13, 31, 1187
List the prime factors of 480639.
3, 131, 1223
What are the prime factors of 12332621?
7, 593, 2971
List the prime factors of 2896553.
11, 263323
What are the prime factors of 2750088?
2, 3, 11, 947
What are the prime factors of 373410?
2, 3, 5, 461
What are the prime factors of 174521?
61, 2861
What are the prime factors of 22988166?
2, 3, 89, 43049
List the prime factors of 181242.
2, 3, 10069
List the prime factors of 3254501.
3254501
What are the prime factors of 35389071?
3, 3932119
List the prime factors of 373025.
5, 43, 347
List the prime factors of 79899.
3, 26633
List the prime factors of 7012919.
19, 83, 4447
List the prime factors of 40701.
3, 13567
List the prime factors of 1831042.
2, 569, 1609
List the prime factors of 27003.
3, 9001
List the prime factors of 422140.
2, 5, 21107
List the prime factors of 2398481.
2398481
List the prime factors of 14560285.
5, 421, 6917
List the prime factors of 2817387.
3, 229, 1367
What are the prime factors of 2430440?
2, 5, 60761
What are the prime factors of 942334?
2, 457, 1031
What are the prime factors of 31826928?
2, 3, 7, 94723
List the prime factors of 785213.
11, 13, 17, 19
List the prime factors of 2902466.
2, 7, 4231
What are the prime factors of 7292861?
613, 11897
What are the prime factors of 646677?
3, 43, 557
What are the prime factors of 3699691?
3699691
List the prime factors of 17467703.
11, 1587973
List the prime factors of 239384.
2, 23, 1301
List the prime factors of 509209.
271, 1879
What are the prime factors of 2015560?
2, 5, 41, 1229
What are the prime factors of 748203?
3, 461, 541
List the prime factors of 3383997.
3, 53, 21283
What are the prime factors of 711693?
3, 43, 613
List the prime factors of 339775.
5, 13591
List the prime factors of 324870.
2, 3, 5, 7, 13, 17
List the prime factors of 1341499.
79, 16981
What are the prime factors of 174639?
3, 23, 2531
List the prime factors of 2469433.
2469433
What are the prime factors of 89576?
2, 11197
What are the prime factors of 8226437?
139, 59183
List the prime factors of 429007.
429007
List the prime factors of 23545.
5, 17, 277
List the prime factors of 1766118.
2, 3, 294353
What are the prime factors of 208988?
2, 13, 4019
What are the prime factors of 3201137?
103, 31079
List the prime factors of 389075.
5, 79, 197
List the prime factors of 11070573.
3, 3690191
What are the prime factors of 108549?
3, 7, 1723
List the prime factors of 14235136.
2, 27803
What are the prime factors of 55400?
2, 5, 277
List the prime factors of 2185858.
2, 1092929
List the prime factors of 120038.
2, 47, 1277
List the prime factors of 637163.
637163
List the prime factors of 22969227.
3, 17, 450377
What are the prime factors of 271853?
271853
What are the prime factors of 38205391?
7, 59, 92507
What are the prime factors of 2959116?
2, 3, 83, 2971
List the prime factors of 700960.
2, 5, 13, 337
What are the prime factors of 16291814?
2, 7, 11, 17, 127
List the prime factors of 51681.
3, 7, 23, 107
What are the prime factors of 70418?
2, 137, 257
What are the prime factors of 569682?
2, 3, 31649
List the prime factors of 67548.
2, 3, 13, 433
What are the prime factors of 362986?
2, 13, 23, 607
List the prime factors of 13505295.
3, 5, 19, 47387
What are the prime factors of 378066?
2, 3, 13, 37, 131
List the prime factors of 110297.
11, 37, 271
List the prime factors of 193215.
3, 5, 11, 1171
What are the prime factors of 493219?
493219
What are the prime factors of 108086?
2, 11, 17
What are the prime factors of 561357?
3, 17, 1223
List the prime factors of 925041.
3, 13, 23719
What are the prime factors of 21040137?
3, 2337793
List the prime factors of 69106.
2, 109, 317
What are the prime factors of 31937130?
2, 3, 5, 31, 11447
List the prime factors of 6944874.
2, 3, 17, 68087
What are the prime factors of 181538?
2, 7, 12967
What are the prime factors of 752457?
3, 19, 43, 307
List the prime factors 